-o + 3*o - 5*r. List the prime factors of o.
3
Let r = -139 - 93. Let x = r + 377. What are the prime factors of x?
5, 29
Let y = 11 - 19. Let j be 0 + 4/y*10. Let f(z) = -10*z - 10. List the prime factors of f(j).
2, 5
Let d = -69 - -73. Suppose -4*k - u + 203 = -0*u, d*k - 208 = 4*u. What are the prime factors of k?
3, 17
Suppose 2*l = 6*l - 3*l. List the prime factors of (-391)/(-3) + l + 8/(-24).
2, 5, 13
Let k = 858 + -271. What are the prime factors of k?
587
Let r = -20 + 23. Suppose -3*x = -8*x - 35. List the prime factors of r*x*5/(-3).
5, 7
Suppose -5*d + 1571 = 226. Suppose -2*p - d = -4*u + u, -2*u = 5*p - 154. List the prime factors of u.
3, 29
Let r(z) = -z + 16. Let f be r(11). Suppose f*b - 43 = l, -2*b - 4*l + 13 + 13 = 0. What are the prime factors of (-69)/(-2)*6/b?
23
Let i(c) = c**3 - 11*c**2 - c + 10. Suppose -p = -2*g + 22, -2*g - 5*p + 19 = -15. List the prime factors of i(g).
2, 71
Let i(v) = -v**3 - 11*v**2 + 30*v + 12. Let n(g) = -g**3 - 11*g**2 + 30*g + 11. Let r(o) = -4*i(o) + 3*n(o). List the prime factors of r(-13).
37
Suppose 0 = 4*a + u + 81, 5*a + 153 - 43 = -3*u. Let r = 24 + a. Suppose r*p - 99 = 146. List the prime factors of p.
7
Suppose -5*t + 33 - 13 = 0. Suppose 0*j + r - 317 = -2*j, 628 = 4*j - t*r. List the prime factors of j.
2, 79
Let l(g) = -g**2 - 4*g + 11. Let s be l(-5). Suppose 0 = s*p - p - 645. List the prime factors of p.
3, 43
Suppose 3*u + 2*k - 2 = 0, 0*u + 2*k + 2 = -u. Suppose -u*j - 35 = -7*j. What are the prime factors of j?
7
Suppose -402 = 4*c - 2*m, 2*c = 4*m - 162 - 30. Let t = -64 - c. List the prime factors of t.
2, 19
Let d be ((-6)/(-4))/((-12)/64). Let s be 77/(-5) + d/(-20). List the prime factors of (12/s + -2)*-5.
2, 7
Let k = 4 - -4. Let z(m) = m**3 - 8*m**2 + 5. Let a be z(k). Suppose y - 23 = -a*f, 0*y + y - 4*f = 41. What are the prime factors of y?
3, 11
Let y(f) = -2*f**2 - 19*f - 5. Let g be y(-9). Let s be ((-4)/6)/(4/(-30)). Suppose c - 2*h = -4*h + 11, g*h = c - s. What are the prime factors of c?
3
Let c = 86 + 1. Suppose 0 = 8*y - 5*y + c. Let x = 53 + y. List the prime factors of x.
2, 3
Let p(d) = d**2 + 6*d + 3. Let s = -15 + 6. What are the prime factors of p(s)?
2, 3, 5
Let x(l) = 4*l**3 - 37*l**2 + 12. What are the prime factors of x(11)?
859
Suppose 0*f + 3*f + 438 = -3*p, -2*f - 3*p = 287. Let q = -99 - f. List the prime factors of q.
2, 13
Let g be -4 + 1 + 0/2. Let k = g - -7. Suppose 0*t = -k*t + 56. What are the prime factors of t?
2, 7
Let f = -27 - -29. Suppose -f*u - z + 0*z + 75 = 0, z - 114 = -3*u. What are the prime factors of u?
3, 13
Suppose 5*w - 2*m + 217 = 0, 0 = -w - 4*w + 3*m - 213. Let n = w + 100. List the prime factors of n.
5, 11
Let l = 19 - 12. Let n = l - 0. List the prime factors of n.
7
Let h be -6*(-10)/15*1. Suppose 2*k - 5*b - 123 - 36 = 0, h*k + 2*b - 258 = 0. List the prime factors of k.
67
Let r(q) = -q + 1. Let l be r(-5). Let t be 3/l*(2 + 6). Suppose t*c = -c + 110. What are the prime factors of c?
2, 11
Let d = 100 - 37. Let f = d + 1. List the prime factors of f.
2
Suppose -3*o = 2*d - 2256, 17 = -4*o + 9. List the prime factors of d.
3, 13, 29
Suppose -4*g + m - 135 = -988, -5*m = -4*g + 857. Let h = g + -104. What are the prime factors of h?
109
Let n(s) = -s**2 - 2*s + 4. Let l be n(0). Let a be 10/l*8/5. List the prime factors of (0 - -4)/a*22.
2, 11
Suppose 0 = 2*v + 351 - 65. Let z = v - -236. What are the prime factors of z?
3, 31
Let a(v) = -v**3 - 14*v**2 - 15*v + 114. List the prime factors of a(-18).
2, 3, 5, 7
Suppose 3*c = 2*c - 3, -j = 2*c. List the prime factors of (-1)/(j/(-178)*1/3).
89
Suppose 2*q = -4*y - 16, 0 = -3*y - 0*y - 15. Let k = -57 - -89. Suppose -h = 2*r + r - 16, -k = -q*h + 5*r. List the prime factors of h.
2
List the prime factors of -311*3/(-9 - -6).
311
Suppose -60*a - 4292 = -64*a. List the prime factors of a.
29, 37
Suppose -9*k - 2*z + 5142 = -5*k, 2*k - 2583 = 3*z. What are the prime factors of k?
3, 11, 13
Let x(p) = p**3 + 23*p**2 + 5*p + 44. What are the prime factors of x(-20)?
2, 11, 13
Let b = -69 + 137. Let s = b + -51. What are the prime factors of s?
17
Suppose 0 = 4*k + 12, -1 = 2*t + 5*k + 14. Suppose t = 5*h - 0*h + 3*x - 100, 5*x = -3*h + 76. List the prime factors of h.
17
Suppose 3*x - q = 12, 2*q + 0*q + 4 = x. Suppose -330 = -l - x*l. List the prime factors of l.
2, 3, 11
Let m = 1639 + -417. List the prime factors of m.
2, 13, 47
Let s = 1728 + -1108. List the prime factors of s.
2, 5, 31
Let l be 44/(9/(-63)*(2 - 1)). Let y = 475 + l. List the prime factors of y.
167
Let g = 6 + 380. List the prime factors of g.
2, 193
Suppose 0 = -g - 14 + 10. Let h(z) = -z**3 + 4*z**2 + z - 6. List the prime factors of h(g).
2, 59
Let w = 4 - 3. Suppose -11 = -3*n + w. Suppose -n*p + 3*p + 22 = 0. List the prime factors of p.
2, 11
Suppose c - 2*o + 4*o = 1212, -o = 4. What are the prime factors of c?
2, 5, 61
Let x be (-127)/2*364/13. List the prime factors of (2/(-4))/(7/x).
127
Let a be 12/42 + (-1367)/7. List the prime factors of a/52*(-24)/2.
3, 5
Suppose 0 = -51*g + 38*g + 4433. List the prime factors of g.
11, 31
Let d = -3 + 2. Suppose -6 = -0*x - 2*x. Let n = d + x. List the prime factors of n.
2
Let o be (-7)/(-7) + (0 - 3). Let c = o - -2. Suppose 6*h + 5 - 29 = c. What are the prime factors of h?
2
Let g(d) = -49*d**2 - d**3 + 21*d**2 - 13 + 6*d + 20*d**2. What are the prime factors of g(-9)?
2, 7
What are the prime factors of (4 + 119/(-28))*-9004?
2251
Suppose -22*c = -24*c + 4. Suppose 1969 = c*b + 9*b. What are the prime factors of b?
179
Suppose -3 = 3*s - 2*s. What are the prime factors of (-12)/s + (-30)/5 - -192?
2, 5, 19
Let b = 712 + -311. List the prime factors of b.
401
Suppose 23*s - 588 = -19*s. Suppose -2*a = -2*h - 3*h + 47, 0 = -4*h + 4. What are the prime factors of s/a*(-81)/2?
3
Suppose -19*n + 16*n - 351 = 0. What are the prime factors of 4 + -1 - (n + 3 - -2)?
5, 23
Suppose -12216 = -68*s + 146632. What are the prime factors of s?
2, 73
Let w(m) be the third derivative of m**6/120 + m**5/4 + m**4/2 - 4*m**3 - 9*m**2. What are the prime factors of w(-13)?
2, 79
Suppose -4*p + 2*j - 39 = 3, -34 = 3*p - 2*j. Let d be -15 + -2*(-4)/p. Let n = d + 51. List the prime factors of n.
5, 7
Let y(n) = -n**3 - 11*n**2 - 13*n + 14. Suppose 4*g = -g + 2*p + 9, -3*p = 5*g - 24. Let q be g*((-20)/6 - 0). What are the prime factors of y(q)?
2, 11
Let v = -1 - 5. Let r = v + 10. Suppose 2*f + 12 = -f, 25 = 3*l - r*f. What are the prime factors of l?
3
List the prime factors of 16844/10 - (-24)/15.
2, 3, 281
Let i(y) be the second derivative of y**5/20 + 17*y**4/12 - 17*y**3/6 + 19*y**2 - 36*y + 1. List the prime factors of i(-18).
2, 5
Let r = 4226 - -141. List the prime factors of r.
11, 397
Suppose 11*t - 12569 = -5*n + 13*t, t = 2*n - 5028. List the prime factors of n.
7, 359
Let h = 488 + 351. List the prime factors of h.
839
Let h(m) be the first derivative of m**4/4 + 2*m**3 + 5*m + 1. Let x be h(-6). Suppose 2*s = x*t - 117, -3*s + 65 = 4*t - 24. What are the prime factors of t?
23
Suppose 5*i - 25116 = -4*z, 7*z - 4*z - 18834 = -3*i. List the prime factors of z.
2, 3137
Let b be 15/(-9)*(3 - 6). Suppose -2*f - 3*x = -0*f - 19, -29 = -2*f - b*x. Suppose -5*t = -c + 5*c - 41, t = -f*c + 7. List the prime factors of t.
3
Let z(b) be the third derivative of b**4/4 + 2*b**3 - 7*b**2. List the prime factors of z(11).
2, 3, 13
Suppose 61*q = 66*q - 25. Suppose h + s + 401 = 6*h, -2*s + 398 = q*h. List the prime factors of h.
2, 5
Let j be -6 + 3 + -1 + 15. Let x be (-72)/(3 - 1) - -3. List the prime factors of (-6)/x + 856/j.
2, 3, 13
Let d(l) = 4 - 72 - 12*l - 20*l. List the prime factors of d(-6).
2, 31
Let c be 46/6 + 6/18. Suppose 4 = -2*t - 4*u, -4*u = t + 3*t - c. Suppose 8*o - t*o = 110. List the prime factors of o.
5, 11
Let n = -259 - -483. Let c = 93 + n. What are the prime factors of c?
317
Let i(w) = 8*w**2 + 8*w + 10*w + 15 - 20*w + 9. List the prime factors of i(5).
2, 107
Let p be ((-14)/7 - -3*1) + 7. List the prime factors of 40/p*(2 - (-15 + -2)).
5, 19
Suppose 1504 = 4*v - 4*k, -v - 4*k = -416 + 15. List the prime factors of v.
3, 127
List the prime factors of 1135090/425 - 6/(-5).
2, 167
Let y(o) = 315*o - 322. What are the prime fac